 - 5 + 98*s**2 + 0. Is p(3) composite?
False
Let c(i) = 4864*i + 25. Suppose m + 18 = -3*u + 10, -m - 5 = 2*u. Is c(m) a prime number?
True
Suppose 5*j - 162 = 1888. Is j + 2/(-6)*3 a composite number?
False
Suppose -2*z + 43242 = 5*w, 4 = 422*w - 423*w. Is z composite?
True
Let p = 76 + -74. Is 6/(p + 16) + (-3164)/(-3) a composite number?
True
Let c(h) = 369*h**3 + 10*h**2 - 16*h - 8. Let t be c(4). Suppose 0 = -39*o + 31*o + t. Is o a prime number?
True
Suppose -67*o = -72*o + 270. Is 1/(-6)*1 + 12807/o prime?
False
Is -18 + 0 + 65308 + -24 a prime number?
False
Let y(m) = -219816*m - 5881. Is y(-5) prime?
True
Let p be ((-12)/8)/((-6)/8). Let k(b) = -5*b - 75. Let o be k(-16). Suppose -4*m - 3063 = -o*d, 0 = -5*d - m + p*m + 3057. Is d a composite number?
True
Suppose -2 - 6 = -2*l, 4*s + 4*l = 924044. Suppose 26*n - s = -35*n. Is n a composite number?
True
Let g(y) = y**2 + 10*y + 19. Let m be g(-8). Suppose -2*q = 2*i + 18, -2*i + 3*q = -m + 6. Is 2247/6 - i/(-4) composite?
False
Let w = 95895 - 31994. Is w a prime number?
True
Let j(k) = -143*k - 10. Let u(x) = -x - 5. Let h be u(-3). Let p(g) = g**2 + 7*g + 7. Let s be p(h). Is j(s) a prime number?
True
Let f = -114403 + 243770. Is f a composite number?
True
Suppose -k - 117 = 5*n, -k = 2*n + k + 50. Let v(f) = -f**3 - 22*f**2 + 26*f + 50. Let a be v(n). Is (-9 - a)/(2/229) a prime number?
False
Suppose -24*v + 284271 = 13*v. Suppose 5*n - v = -2*f, -10*f = -5*n - 11*f + 7679. Is n prime?
False
Suppose -44*j = -69*j - 183*j + 11090768. Is j composite?
True
Let y(t) = 4*t + 11. Let r be y(-4). Let f = 8 + r. Let z(w) = 2*w**2 + 3*w - 8. Is z(f) a composite number?
False
Let q(v) = -v**2 + 18*v + 9. Let f be q(17). Is 298575/195 + (12/f)/(-3) a composite number?
False
Suppose 5*a - 11 = -1. Suppose -2*z = a*z + 16. Let s(u) = -13*u**3 - 8*u + 7. Is s(z) a composite number?
True
Let q(p) = -10200*p + 3509. Is q(-111) a prime number?
False
Let b(g) = g**2 - 38*g - 4. Let r be b(-9). Suppose -42124 = -423*w + r*w. Is w a composite number?
False
Suppose 0 = 513*t - 307*t - 538803506. Is t a composite number?
False
Let m(q) be the third derivative of 33*q**5/20 - 17*q**4/24 + 17*q**3/2 + 2*q**2 + 185. Is m(10) composite?
False
Suppose 10*n - 5*n + 171 = 3*o, -3*n = 2*o - 114. Suppose -44 = -o*t + 61*t. Let i(m) = 2*m**2 - 10*m + 15. Is i(t) a prime number?
True
Is (-1052092)/6*(15 + -18)*6/12 a composite number?
False
Let s = 0 - -53. Let u = s + -137. Is (22/(-8))/(3/u) a prime number?
False
Suppose 3 + 18 = 7*i. Suppose -u - 5*j = -118, i*u - 5*j + 113 = 367. Suppose 2*r = u - 73. Is r a composite number?
True
Suppose -3527523 = -13*z + 535580 + 2762898. Is z a composite number?
True
Let m be 0/((0 + 3)*1). Let z(u) = 2*u**2 - 3. Let t be z(m). Is t - 12/(-3) - -628 a composite number?
True
Let b = -122 - -127. Let t(l) = 33*l**2 + 16*l - 84. Is t(b) a composite number?
False
Is (557224325/(-70))/(-61) - 2/4 a composite number?
True
Let d(q) = q**3 + 5*q**2 + 2*q - 5. Let p be d(-4). Let y be 245 + (-3 - (p - 6)) + 3. Suppose -3*r - 3 = 6, 2*n + 2*r - y = 0. Is n composite?
False
Let d(x) = 18*x**2 + x - 27. Let b(o) = -o**2 - o + 4. Let z be b(3). Is d(z) a composite number?
False
Let a be 10/15 - ((-56)/6 + -2). Is (-35)/(-140) + (14715/a)/3 a composite number?
False
Suppose 3*l + 219290 = 3*x - 253882, x + 5*l = 157706. Is x prime?
True
Suppose -5*j = 4*y - 408585, -24888 = j - 5*y - 106634. Is j composite?
True
Let t be (3328 + -2)/(-2) - 7. Let w = -1051 - t. Is w a prime number?
True
Suppose -8*q = -308 - 10172. Suppose -2*z + 4*m = -5*z + 1973, 2*z - q = -4*m. Suppose z = d - 1448. Is d prime?
True
Let r = 749 - 752. Let v(m) = -607*m**3 - 7*m**2 + 5*m + 20. Is v(r) a prime number?
False
Let w be 2/8 + (-119)/28 + 1. Let p(u) = -26*u**3 + 6*u**2 + 2*u - 7. Is p(w) prime?
True
Let o(u) be the second derivative of 17*u**4/4 - 7*u**3/3 - 33*u**2/2 + 81*u. Is o(8) a prime number?
True
Suppose -9*y - 6 = -33. Suppose -y*j = 2*i - 4771, -4*i = -28*j + 27*j - 9577. Is i composite?
False
Let j be 21/84 - (-2 - (-1963)/(-4)). Suppose j*m - 106188 = 487*m. Is m prime?
False
Suppose 60*i - 108546 = 58*i + 4*g, 271405 = 5*i - 2*g. Is i composite?
True
Let o(b) = 36*b**2 + 25*b - 20. Let j = -195 + 186. Is o(j) composite?
False
Let c(o) = 291*o**3 - 20*o**2 + 48*o - 4. Is c(3) a prime number?
True
Let m(b) = 8*b**2 + 28*b + 80. Let l be m(-28). Let n = l + -3283. Is n prime?
False
Let d = -44 + 46. Suppose -d*g - c + 660 = -3992, g - 2317 = -5*c. Is g composite?
True
Suppose -9*q - 5*q + 2268 = 0. Let c be (0 - 1)/(18/q). Is (-4 + c/(-6))/(3/(-2586)) prime?
False
Let k(w) = 128*w**2 + 14*w + 275. Is k(18) a composite number?
False
Let j(y) = y**2 + 4*y - 16. Let g be j(-11). Suppose 57*p = g*p - 11404. Is p prime?
True
Suppose 3*z = 5*a - 610576, 74*z = 4*a + 78*z - 488480. Is a a composite number?
False
Let t = 18851 - 6060. Is t composite?
False
Suppose 0 = -3*k - 2*p + 258199, -4*k + p + 0*p = -344280. Is k a prime number?
True
Suppose -634581 = -3*f + 167460. Is f a composite number?
True
Let d(o) = -o**2 + 8*o - 24. Let c be d(5). Is (-24855)/c - (-40)/(-60) composite?
True
Let w = -5 - -5. Suppose -42*j + 255825 - 5127 = w. Is j a composite number?
True
Let b = 5676 - 1377. Let w = b + -2406. Is w a composite number?
True
Let j be (-4)/14 + (-4521)/(-21). Let g = 305 - j. Suppose h = 305 + g. Is h a composite number?
True
Let f(v) = v**3 + 10*v**2 - 11*v - 1. Let j(i) = -4*i - 66. Let d be j(-15). Let y be f(d). Suppose 0 = b - 5*b - 2*p + 816, -b = 3*p - y. Is b composite?
True
Let q be ((462/15)/11)/(2/(-40)). Is (7/(q/188))/((-2)/236) prime?
False
Let b be (7 - 2)*1/(20/16). Suppose 2*n - 3*j + j + 44 = 0, 0 = b*n - 3*j + 89. Let y = n - -42. Is y a composite number?
False
Suppose 3*n = -d + 222307, -6*d + 663535 + 670203 = 5*n. Is d a prime number?
False
Let x(d) = -3*d**2 + 37*d - 21. Let p be x(11). Let n(q) = q**3 - 17*q**2 - 13*q + 19. Is n(p) a composite number?
True
Suppose 0 = -115*v + 9423333 + 4837012. Is v a composite number?
True
Is (708564/(-18) + -1)/(24/9 + -3) prime?
False
Is ((-4066328)/(-3))/(-14)*27/(-36) a composite number?
False
Suppose u - z = 2*z + 9970, -4*z + 19930 = 2*u. Is u a composite number?
False
Suppose 5*f - 287 = -2*t, t + 3*t = -5*f + 279. Suppose l = -3*k + 3, -5*l + f + 26 = k. Suppose -127 = 17*x - l*x. Is x composite?
False
Let v(k) = -3*k + 26. Let d be v(8). Let f(t) = -t - 3. Let q be f(-8). Suppose 3*p - 1713 = -d*i - i, q*p + 541 = i. Is i a composite number?
True
Let k = 1428241 - 986532. Is k composite?
True
Let a(f) = -f**3 + 2*f + 9509. Is a(0) composite?
True
Suppose 12 - 33 = -3*l + 6*z, 5*l + 5*z = 20. Let o(q) = 3059*q + 186. Is o(l) prime?
False
Suppose 161*s = 3906165 + 8846211 + 87857. Is s a prime number?
False
Let v = -1759 + 405. Let n be ((5 - 2)/(-1))/((-1)/803). Let f = v + n. Is f a composite number?
True
Suppose -3*q = -2*q + 5*s - 21521, -5*s + 43072 = 2*q. Is q composite?
True
Let l(k) = 13 - 6 - 3940*k + 2349*k + 2742*k. Suppose 5*f - 3*j - 15 = -4*j, 5*f = 4*j - 10. Is l(f) prime?
True
Let q = -287 + 467. Is q/(-210) - 54660/(-21)*1 composite?
True
Suppose -99*s = -220*s + 27688309. Is s a composite number?
False
Let v = 54152 - 31187. Suppose 9847 = 4*j - v. Is j a composite number?
True
Let p(i) = -30*i - 6*i + 9*i**2 - 83 + 91. Is p(-9) a prime number?
True
Let m be 14/(-8)*(9 + -5)*-1. Let n be (-4)/(-2)*(m/2 + -1). Suppose -p + 3*t = -507, -4*p - 499 = -n*p + 5*t. Is p a composite number?
True
Is 10454 + (21/(-6) + 7/(-14) - -3) prime?
True
Let d(b) = b**3 + 8*b**2 + 2. Let q be d(-8). Suppose 2232 = -4*w - q*m, 5*m = -3*w + 5*w + 1104. Let o = 954 + w. Is o composite?
False
Suppose 35*o - 38*o - 4*y + 261311 = 0, -2*o - y = -174199. Is o composite?
True
Let b = -8462 - -79729. Is b composite?
True
Is 7*(6412 - (15 - 0)) prime?
False
Let v = 521 + -568. Is (-1)/(-3)*(4870 - v) prime?
False
Let k be (-8 + 26/3)/(4/(-10434)). Let y = k - -2672. Is y prime?
False
Is 34585*(-132)/(-240)*4 a composite number?
True
Let z(d) = -8*d**3 - 16 - 6*d**2 - 3*d - 4*d + 10*d**3. Let y be z(7). Suppose 2*g = 2*i + 312, -i = -2*g + 4*g - y. Is g composite?
True
Suppose 13*b = 250555 + 512064. Is b prime?
False
Suppose 0 = -4*x -